y 145.
137
Calculate the remainder when 401 is divided by 35.
16
Calculate the remainder when 2525 is divided by 434.
355
Calculate the remainder when 54 is divided by 7.
5
Calculate the remainder when 2558 is divided by 8.
6
What is the remainder when 1942 is divided by 74?
18
Calculate the remainder when 3842 is divided by 31.
29
Calculate the remainder when 79 is divided by 4.
3
Calculate the remainder when 535 is divided by 77.
73
Calculate the remainder when 826 is divided by 146.
96
What is the remainder when 159 is divided by 8?
7
Calculate the remainder when 780 is divided by 7.
3
What is the remainder when 584 is divided by 73?
0
What is the remainder when 89 is divided by 30?
29
What is the remainder when 218 is divided by 71?
5
Calculate the remainder when 118 is divided by 60.
58
What is the remainder when 696 is divided by 100?
96
What is the remainder when 54 is divided by 28?
26
What is the remainder when 46 is divided by 9?
1
What is the remainder when 90 is divided by 22?
2
Calculate the remainder when 72 is divided by 21.
9
What is the remainder when 413 is divided by 132?
17
Calculate the remainder when 281 is divided by 134.
13
What is the remainder when 18439 is divided by 9?
7
What is the remainder when 1241 is divided by 161?
114
Calculate the remainder when 51 is divided by 48.
3
What is the remainder when 1664 is divided by 10?
4
What is the remainder when 698 is divided by 78?
74
What is the remainder when 279 is divided by 28?
27
What is the remainder when 61 is divided by 32?
29
Calculate the remainder when 18 is divided by 5.
3
What is the remainder when 152 is divided by 9?
8
What is the remainder when 841 is divided by 104?
9
What is the remainder when 692 is divided by 41?
36
Calculate the remainder when 464 is divided by 114.
8
What is the remainder when 1037 is divided by 178?
147
Calculate the remainder when 521 is divided by 80.
41
What is the remainder when 201 is divided by 56?
33
What is the remainder when 626 is divided by 11?
10
Calculate the remainder when 1333 is divided by 124.
93
What is the remainder when 477 is divided by 32?
29
Calculate the remainder when 2664 is divided by 31.
29
Calculate the remainder when 971 is divided by 139.
137
Calculate the remainder when 58 is divided by 24.
10
Calculate the remainder when 18 is divided by 10.
8
Calculate the remainder when 28 is divided by 22.
6
Calculate the remainder when 111 is divided by 8.
7
Calculate the remainder when 108 is divided by 24.
12
What is the remainder when 38 is divided by 18?
2
What is the remainder when 661 is divided by 328?
5
Calculate the remainder when 287 is divided by 18.
17
Calculate the remainder when 1772 is divided by 14.
8
Calculate the remainder when 8553 is divided by 46.
43
What is the remainder when 589 is divided by 20?
9
Calculate the remainder when 73 is divided by 20.
13
Calculate the remainder when 324 is divided by 83.
75
What is the remainder when 606 is divided by 216?
174
What is the remainder when 1007 is divided by 11?
6
Calculate the remainder when 1724 is divided by 290.
274
What is the remainder when 169 is divided by 71?
27
What is the remainder when 18786 is divided by 154?
152
Calculate the remainder when 261 is divided by 22.
19
Calculate the remainder when 107 is divided by 26.
3
What is the remainder when 117 is divided by 60?
57
Calculate the remainder when 556 is divided by 181.
13
Calculate the remainder when 3748 is divided by 121.
118
What is the remainder when 122 is divided by 68?
54
Calculate the remainder when 23 is divided by 18.
5
Calculate the remainder when 195 is divided by 7.
6
What is the remainder when 360 is divided by 52?
48
What is the remainder when 490 is divided by 99?
94
Calculate the remainder when 290 is divided by 11.
4
Calculate the remainder when 931 is divided by 85.
81
What is the remainder when 1942 is divided by 35?
17
What is the remainder when 592 is divided by 11?
9
What is the remainder when 143 is divided by 32?
15
Calculate the remainder when 549 is divided by 15.
9
What is the remainder when 7840 is divided by 11?
8
What is the remainder when 9899 is divided by 110?
109
Calculate the remainder when 62 is divided by 11.
7
Calculate the remainder when 45 is divided by 25.
20
Calculate the remainder when 107 is divided by 34.
5
Calculate the remainder when 2479 is divided by 27.
22
Calculate the remainder when 1112 is divided by 11.
1
Calculate the remainder when 225 is divided by 38.
35
What is the remainder when 557 is divided by 54?
17
Calculate the remainder when 131 is divided by 15.
11
Calculate the remainder when 411 is divided by 9.
6
Calculate the remainder when 5768 is divided by 37.
33
What is the remainder when 167 is divided by 56?
55
What is the remainder when 442 is divided by 332?
110
What is the remainder when 255 is divided by 86?
83
Calculate the remainder when 167 is divided by 87.
80
What is the remainder when 1425 is divided by 473?
6
Calculate the remainder when 275 is divided by 139.
136
What is the remainder when 3115 is divided by 30?
25
What is the remainder when 2097 is divided by 14?
11
Calculate the remainder when 152 is divided by 52.
48
What is the remainder when 21543 is divided by 27?
24
Calculate the remainder when 121 is divided by 17.
2
What is the remainder when 137 is divided by 46?
45
Calculate the remainder when 2238 is divided by 20.
18
What is the remainder when 168 is divided by 8?
0
What is the remainder when 1029 is divided by 333?
30
What is the remainder when 1346 is divided by 113?
103
Calculate the remainder when 1574 is divided by 290.
124
What is the remainder when 2131 is divided by 119?
108
What is the remainder when 756 is divided by 438?
318
What is the remainder when 241 is divided by 210?
31
What is the remainder when 1332 is divided by 23?
21
Calculate the remainder when 327 is divided by 154.
19
Calculate the remainder when 145 is divided by 4.
1
Calculate the remainder when 506 is divided by 17.
13
What is the remainder when 74 is divided by 26?
22
What is the remainder when 239 is divided by 22?
19
What is the remainder when 2509 is divided by 74?
67
Calculate the remainder when 3146 is divided by 10.
6
Calculate the remainder when 1532 is divided by 13.
11
Calculate the remainder when 132 is divided by 21.
6
Calculate the remainder when 1438 is divided by 90.
88
What is the remainder when 186 is divided by 87?
12
Calculate the remainder when 122 is divided by 65.
57
What is the remainder when 1821 is divided by 25?
21
What is the remainder when 956 is divided by 206?
132
Calculate the remainder when 93 is divided by 36.
21
Calculate the remainder when 329 is divided by 22.
21
What is the remainder when 132 is divided by 15?
12
What is the remainder when 427 is divided by 107?
106
Calculate the remainder when 1823 is divided by 76.
75
What is the remainder when 83 is divided by 3?
2
What is the remainder when 1460 is divided by 77?
74
Calculate the remainder when 310 is divided by 105.
100
What is the remainder when 1813 is divided by 55?
53
What is the remainder when 1558 is divided by 24?
22
Calculate the remainder when 99 is divided by 29.
12
Calculate the remainder when 249 is divided by 21.
18
What is the remainder when 7867 is divided by 61?
59
What is the remainder when 217 is divided by 96?
25
Calculate the remainder when 1680 is divided by 417.
12
What is the remainder when 5072 is divided by 20?
12
What is the remainder when 13882 is divided by 3468?
10
Calculate the remainder when 639 is divided by 95.
69
What is the remainder when 353 is divided by 93?
74
What is the remainder when 2202 is divided by 15?
12
Calculate the remainder when 208 is divided by 61.
25
Calculate the remainder when 15894 is divided by 55.
54
Calculate the remainder when 3966 is divided by 10.
6
Calculate the remainder when 5174 is divided by 69.
68
Calculate the remainder when 486 is divided by 160.
6
What is the remainder when 53 is divided by 8?
5
Calculate the remainder when 284 is divided by 26.
24
Calculate the remainder when 154 is divided by 21.
7
What is the remainder when 2653 is divided by 661?
9
Calculate the remainder when 626 is divided by 102.
14
Calculate the remainder when 979 is divided by 1